{"id":2735,"date":"2018-01-13T20:52:49","date_gmt":"2018-01-13T19:52:49","guid":{"rendered":"https:\/\/mnmlwp.de\/?page_id=14"},"modified":"2024-10-10T14:56:02","modified_gmt":"2024-10-10T12:56:02","slug":"about","status":"publish","type":"page","link":"https:\/\/test.yvangheem.be\/","title":{"rendered":"Tribulations"},"content":{"rendered":"<p>Et oui, pendant pr\u00e8s de deux ans (janvier 2023-octobre 2024), j&rsquo;ai v\u00e9cu en Chine, \u00e0 P3kin. Ces quelques pages que je cl\u00f4ture maintenant, se veulent comme un carnet de voyage sans pr\u00e9tention, parfois avec des r\u00e9flexions tr\u00e8s personnelles et qui n&rsquo;engagent que moi, parfois juste des souvenirs et des images. Mais surtout, ce fut et c&rsquo;est peut-\u00eatre encore, un moyen pour mes amies, amis et connaissances de d\u00e9couvrir quelques facettes de ce pays tr\u00e8s mal connu de notre c\u00f4t\u00e9 du monde : d\u00e9truire quelques pr\u00e9jug\u00e9s, abattre quelques id\u00e9es re\u00e7us, d\u00e9couvrir un peu cette culture pluri-mill\u00e9naire, entrouvrir le monde de la diplomatie europ\u00e9enne, &#8230;<\/p>\n<p>J&rsquo;esp\u00e8re que vous n&rsquo;y verrez pas trop de jugements. Les opinions qui y sont pr\u00e9sent\u00e9s n&rsquo;engagent, je le rappelle encore, que moi (mais j&rsquo;essaye au maximum de les \u00e9tayer). Certaines des r\u00e9flexions peuvent para\u00eetre na\u00efves (surtout au d\u00e9but du s\u00e9jour) mais ce fut le cheminement de ma d\u00e9couverte du pays.<\/p>\n<h3>Pour <strong>naviguer<\/strong> dans ce blog :<\/h3>\n<ul>\n<li>soit vous <strong><span style=\"color: #ff0000;\"><a style=\"color: #ff0000;\" href=\"https:\/\/test.yvangheem.be\/?p=2800\">commencer du d\u00e9but par ici <\/a><\/span><\/strong>et dans le bas de la page (en dessous des commentaires) vous passer \u00e0 l&rsquo;articulet <em><strong>suivant<\/strong><\/em>&#8230;<\/li>\n<li>soit vous utilisez les <strong>cat\u00e9gories<\/strong> ou la <strong>recherche<\/strong> sur le c\u00f4t\u00e9.<\/li>\n<\/ul>\n<p>Concernant les <strong>images<\/strong>, n&rsquo;h\u00e9sitez pas \u00e0 cliquer sur les images d&rsquo;une mosa\u00efque pour mieux les visualiser.<\/p>\n<p>Si vous voulez laisser des commentaires, n&rsquo;h\u00e9sitez pas&#8230; J&rsquo;y r\u00e9pondrai.<\/p>\n\n\n<p><strong>Remarques <\/strong>:<\/p>\n\n\n\n<p>Comme presque tout a \u00e9t\u00e9 \u00e9crit quand j&rsquo;\u00e9tais sur place et malgr\u00e9 la discr\u00e9tion de ce site (connu sans doute uniquement de celles et ceux qui en ont eu l&rsquo;adresse), j&rsquo;ai masqu\u00e9\/\u00e9lud\u00e9 certains noms pour qu&rsquo;ils soient moins rep\u00e9rables par les \u00ab\u00a0sniffeurs\u00a0\u00bb du pays.<\/p>\n\n\n\n<p>Veuillez excuser l&rsquo;orthographe parfois caduques mais ma langue de travail \u00e9tant depuis quelques ann\u00e9es l&rsquo;anglais et n&rsquo;ayant pas de correcteur orthographique correct sur le gestionnaire de site&#8230;<\/p>\n","protected":false},"excerpt":{"rendered":"<p>Et oui, pendant pr\u00e8s de deux ans (janvier 2023-octobre 2024), j&rsquo;ai v\u00e9cu en Chine, \u00e0 P3kin. Ces quelques pages que je cl\u00f4ture maintenant, se veulent comme un carnet de voyage sans pr\u00e9tention, parfois avec des r\u00e9flexions tr\u00e8s personnelles et qui n&rsquo;engagent que moi, parfois juste des souvenirs et des images. Mais surtout, ce fut et &hellip; <a href=\"https:\/\/test.yvangheem.be\/\" class=\"more-link\">Continuer la lecture de <span class=\"screen-reader-text\">Tribulations<\/span><\/a><\/p>\n","protected":false},"author":1,"featured_media":0,"parent":0,"menu_order":0,"comment_status":"closed","ping_status":"closed","template":"","meta":{"iawp_total_views":47,"footnotes":""},"class_list":["post-2735","page","type-page","status-publish","hentry"],"_links":{"self":[{"href":"https:\/\/test.yvangheem.be\/index.php?rest_route=\/wp\/v2\/pages\/2735","targetHints":{"allow":["GET"]}}],"collection":[{"href":"https:\/\/test.yvangheem.be\/index.php?rest_route=\/wp\/v2\/pages"}],"about":[{"href":"https:\/\/test.yvangheem.be\/index.php?rest_route=\/wp\/v2\/types\/page"}],"author":[{"embeddable":true,"href":"https:\/\/test.yvangheem.be\/index.php?rest_route=\/wp\/v2\/users\/1"}],"replies":[{"embeddable":true,"href":"https:\/\/test.yvangheem.be\/index.php?rest_route=%2Fwp%2Fv2%2Fcomments&post=2735"}],"version-history":[{"count":10,"href":"https:\/\/test.yvangheem.be\/index.php?rest_route=\/wp\/v2\/pages\/2735\/revisions"}],"predecessor-version":[{"id":4555,"href":"https:\/\/test.yvangheem.be\/index.php?rest_route=\/wp\/v2\/pages\/2735\/revisions\/4555"}],"wp:attachment":[{"href":"https:\/\/test.yvangheem.be\/index.php?rest_route=%2Fwp%2Fv2%2Fmedia&parent=2735"}],"curies":[{"name":"wp","href":"https:\/\/api.w.org\/{rel}","templated":true}]}}